mmon divisor of z and l.
15
Let m = -605 - -654. What is the highest common divisor of m and 49?
49
Suppose 3*o + 2*o = 200. Let r(c) = -2*c + 360. Let f be r(0). Calculate the greatest common factor of o and f.
40
Let s be (3*1)/(8*8/1472). Suppose v + s = 4*v. Let o(c) = 4*c**3 - 4*c**2 - 3. Let l be o(3). What is the greatest common divisor of l and v?
23
Suppose 0 = -5*j + 3*y - 313, -2*j - j - 189 = -3*y. Let r = 132 + j. Let f be (28/6)/(2/12). What is the highest common factor of r and f?
14
Let y(w) = -w**3 + 2*w - 35. Let i be y(0). Let v = -8 + i. Let t = 75 + v. What is the greatest common divisor of 16 and t?
16
Let q be 1/(-1)*-4 - -13. Calculate the highest common factor of q and 153.
17
Suppose -4*b + l + 1653 = 0, 2*b - 5*l - 1053 = -222. Let f = b + -213. Let p = -56 + 81. What is the greatest common factor of f and p?
25
Suppose 28 - 12 = -4*i, -2*p = -3*i - 150. Calculate the highest common factor of p and 23.
23
Suppose 9*b = b + 32. Suppose -b*d = -5*v + 569, -v + 2*d + 176 = 67. Calculate the highest common factor of 78 and v.
39
Let k be 27*2/(2 + 0). Suppose -4*f - 11 = -k. Suppose f*n = 2*a + 46, -4*a = n + a - 17. Calculate the greatest common divisor of n and 96.
12
Let r = 14 + -3. Let c be 22/(-2 + 1 + 3). What is the greatest common divisor of r and c?
11
Let t be 60 - 1 - (-3 - -4). Let u = -17 + t. Suppose -2*d - 1 + u = 0. Calculate the greatest common divisor of 180 and d.
20
Let u be (23 - -3)*(-18)/(-12). Let d = 67 + -41. What is the highest common factor of d and u?
13
Suppose 5*d + 4 + 21 = 0, 5*d + 349 = 3*i. Suppose -40 = -4*r + 8. What is the greatest common factor of i and r?
12
Suppose 7 = 3*b - 5. Suppose f + 0*f + b*q = -13, 0 = -5*f + 5*q + 35. Let r be 1/2*(6 - 0). What is the greatest common factor of f and r?
3
Let g be 2/((-2)/72*-3). Let l be 11 + -15 + -4*1. Let i be (-60)/l*(-4)/(-10). What is the greatest common factor of i and g?
3
Suppose -10*n = -63 - 347. Calculate the highest common factor of 246 and n.
41
Suppose 12*k = -8*k + 960. Calculate the highest common divisor of k and 60.
12
Let o(m) = 10*m - 60. Let d be o(18). Let z(r) = -r**3 + r. Let u be z(1). Suppose u = -13*g + 10*g + 144. Calculate the greatest common factor of g and d.
24
Let f = -106 + 126. What is the highest common factor of 12 and f?
4
Let j(m) = m**2 - 12*m + 25. Let w be j(10). Suppose 0 = -w*i - 4*b + 41 + 14, 3*i + 2*b - 33 = 0. What is the greatest common factor of i and 55?
11
Suppose 8*i - 47 + 15 = 0. Suppose 46 = 6*f + i. Calculate the greatest common factor of 77 and f.
7
Suppose 4*f - 318 = -2*b - 0*b, -169 = -2*f - 3*b. Let g = -92 - -99. What is the greatest common divisor of g and f?
7
Suppose 4*p = 2*p + 4. Calculate the greatest common factor of p and 10.
2
Suppose 17 + 34 = 3*r. Let f = -180 + 197. What is the highest common divisor of f and r?
17
Suppose -13 = 4*i - 69. Suppose -164 = -5*y - i. Let c be 18/2*22/33. What is the highest common divisor of c and y?
6
Let o(i) = i**3 - 2*i**2 - 4*i + 8. Let x be o(4). What is the highest common divisor of x and 6?
6
Let s = -2 - -5. Suppose 2*c - 27 = 3*q - 6, s = c - 4*q. Let w be (154/1)/2 + -2. What is the greatest common divisor of w and c?
15
Let s(c) = -5*c + 9. Suppose 0 = 2*i + i - 9, -4*q - i + 27 = 0. Let w be s(q). Let v be w/14*-1*12. Calculate the highest common divisor of 6 and v.
6
Suppose 2*y + 2*t = 446, y - 5*t + 890 = 5*y. Suppose y = 8*f - 671. Calculate the greatest common divisor of f and 16.
16
Let n be (5/(-4))/(-5) - 45695/(-148). What is the highest common factor of n and 3?
3
Let f(k) = -11*k + 91. Let y be f(8). Calculate the highest common divisor of y and 39.
3
Suppose 3 = b - 2. Suppose 12*m - b*m = 70. Calculate the greatest common divisor of 80 and m.
10
Let r(x) = -4*x**3 + x**2 - 3*x - 3. Let t be r(-2). Let s = t - 27. Calculate the greatest common factor of s and 4.
4
Suppose -2*y - 21*y = -920. What is the highest common factor of 320 and y?
40
Let i be (-336)/(-154) - (-2)/(-11). Suppose 4*h - 32 = -m, -h = -i*m + 2*h + 119. Let q = 75 - 49. Calculate the highest common divisor of q and m.
26
Suppose 54 = 4*p + 2*u, -p + 10 = 4*u - 0*u. What is the greatest common factor of 12 and p?
2
Let s(y) = -y + 14. Let k be s(9). Suppose -2*j + k*n + 140 = 0, -5*j + 138 = -5*n - 212. Calculate the highest common divisor of 28 and j.
14
Suppose -2*k - 108 = -2*i + 4, 260 = -4*k - 5*i. Let d = k - -114. Let h(w) = 7*w**2 + w + 1. Let y be h(-2). Calculate the greatest common divisor of d and y.
27
Suppose -338 = -5*v + 3*p + 207, 0 = -2*v - 2*p + 234. What is the highest common divisor of 32 and v?
16
Let b be (-616)/(-21) + 2*(-4)/6. Calculate the greatest common factor of b and 574.
14
Let f(l) = 8*l + 42. Let u(k) = -23*k - 124. Let x(q) = 8*f(q) + 3*u(q). Let d be x(-10). Calculate the greatest common divisor of 42 and d.
14
Suppose -15*n = 32*n - 2914. Calculate the highest common factor of 6 and n.
2
Let j = 30 - 15. Let b(p) = -p**2 + 15*p + 17. Let t be b(j). Suppose 5*u - 22 = 3, 3*x - u - 403 = 0. Calculate the greatest common divisor of t and x.
17
Let i = 12 + -10. Let n = 16 + i. What is the greatest common factor of n and 36?
18
Suppose 202*d + 112 = 204*d. What is the greatest common factor of d and 63?
7
Let c be 27/(-3) + 1152/12. Calculate the greatest common factor of 3 and c.
3
Let g = 204 + -153. Calculate the greatest common divisor of 6 and g.
3
Let k(a) = 21*a + 414. Let g be k(-15). Calculate the highest common divisor of g and 3861.
99
Let z = 11 - 5. Let q(b) = b**2 + 7*b + 24. Let h(k) = k**2 + 8*k. Let o be h(-7). Let l be q(o). Calculate the highest common divisor of z and l.
6
Suppose u + 4*q - 7 - 71 = 0, 4*u = q + 363. Let m be 2*(1 + 0) - 0. Suppose t + m - 12 = 0. What is the greatest common divisor of u and t?
10
Let j(l) = l**3 - 5*l**2 + 9*l - 26. Let k be j(5). What is the highest common divisor of 133 and k?
19
Let s = -147 - -165. Suppose -75 = -4*k + 3*x + 81, -4*k - 5*x + 124 = 0. What is the highest common divisor of s and k?
18
Suppose 0*b = 3*b - 60. Suppose -10 = -5*o, 2*o + 389 - 73 = 4*l. What is the highest common factor of b and l?
20
Let g = -565 - -603. Calculate the highest common divisor of g and 6.
2
Suppose 165 = -0*v + 3*v. Suppose -10*f - 36 = -4*f. Let l be (-19 - -8)/(3/f). Calculate the highest common divisor of l and v.
11
Let q be 2/19 - (-1362)/57 - 5. Calculate the greatest common factor of q and 38.
19
Let a be 183/610 - 651/(-30). What is the greatest common factor of 803 and a?
11
Let z be (12/3)/((-2)/(-15)). Let b = -475 - -520. Calculate the highest common divisor of z and b.
15
Suppose 3*r + 7839 = 12*r. What is the greatest common divisor of 39 and r?
13
Suppose 79*c - 126*c = -2820. Calculate the greatest common divisor of c and 228.
12
Suppose -3*k + r + 44 = -9, 4*k - 3*r = 74. What is the highest common divisor of 17 and k?
17
Let j(n) = -n**2 + 17*n + 48. Let k be j(19). Calculate the highest common factor of 430 and k.
10
Suppose 0*z - 2*z = -4. Suppose 3*m - 141 = -3*w + 33, z*w = 4*m + 146. Suppose -23 + w = 5*j. What is the greatest common factor of j and 12?
4
Let z(n) = n**2 + 10*n - 11. Let o be z(-12). Let a = 23 - 32. Let v = a - -61. Calculate the highest common factor of v and o.
13
Let w be 5/15*-15 + 149. Let n be (-4)/(-6)*21 + 2. What is the greatest common divisor of n and w?
16
Suppose 40 + 2 = p. Let o(i) = 3*i**2 - 14*i**2 + 9 + 12*i**2 + 3*i + i. Let g be o(-6). Calculate the greatest common factor of g and p.
21
Let r = 57 - 9. Suppose 0 = -3*l + 6*l + 4*s - 47, l - 2*s - 29 = 0. Let z = 27 - l. What is the greatest common factor of r and z?
6
Suppose 2*t - 13 - 13 = 0. Suppose -7 = -f + t. Suppose -4*k = -l + 8, -5*l = k - 102 + f. Calculate the highest common divisor of l and 8.
8
Suppose -v - 3*u = 2*v - 6, -2*u = 4. Suppose 3*q - 4*s = 10, s - 55 = -v*q - 2*s. What is the highest common factor of q and 4?
2
Suppose 3*u = -6*y + 4*y + 206, -4*u + y = -282. What is the greatest common factor of u and 60?
10
Let i(k) be the first derivative of 4*k**2 + 10*k - 10. Let n be i(3). Calculate the highest common factor of 85 and n.
17
Let g be (-47 - -44)*(-44)/6. What is the highest common divisor of 550 and g?
22
Let u(n) 